{"id":25,"date":"2017-01-08T20:39:04","date_gmt":"2017-01-08T20:39:04","guid":{"rendered":"http:\/\/kurthopstein.de\/?page_id=25"},"modified":"2017-01-08T20:39:04","modified_gmt":"2017-01-08T20:39:04","slug":"mein-geliebter-mit-der-nummer-632","status":"publish","type":"page","link":"http:\/\/kurthopstein.de\/?page_id=25","title":{"rendered":"\u201eMein Geliebter mit der Nummer 632\u201c Drei Lieder aus dem Gulag, verbunden mit Variationen \u00fcber ein Thema von Wladislaw Solotarjow f\u00fcr Singstimme, Klarinette, Violine und Bajan (2010)"},"content":{"rendered":"<p>Die Komposition wurde am 16. Juni 2010 bei der Auftaktveranstaltung zum&nbsp;internationalen Symposium &#8222;Composers in the Gulag under Stalin&#8220; der &nbsp;uraufgef\u00fchrt. &nbsp;(<a href=\"https:\/\/www.uni-goettingen.de\/de\/3240.html?cid=3583\" target=\"_blank\">hier ein Link auf den Pressetext der Universit\u00e4t<\/a>)<\/p>\n<p>Aus dem Text zu einer Veranstaltung des Lew-Koppelew-Forums, K\u00f6ln:<\/p>\n<p>20 Millionen Menschen waren in der Regierungszeit Stalins in den Straflagern der UdSSR inhaftiert. Zu den Opfern der stalinistischen S\u00e4uberungen geh\u00f6rte ein gro\u00dfer Teil der geistigen Elite des Landes; darunter auch zahlreiche Komponisten.&nbsp;<\/p>\n<p>Im Juni 2010 fand an der Universit\u00e4t G\u00f6ttingen ein internationales Symposium mit dem Thema \u201eKomponisten im Gulag unter Stalin\u201c statt, wesentlich initiiert von der jungen Musikerin und Musikwissenschaftlerin Inna Klause. In jahrelangen Recherchen, beharrlicher Archivarbeit und in Gespr\u00e4chen mit Zeitzeugen hat sie an der Wiederentdeckung vieler verfolgter und vergessener Komponisten mitgewirkt.&nbsp;<\/p>\n<p>Auf ihre Anregung hin entstand auch zur Er\u00f6ffnung des G\u00f6ttinger Kongresses die Komposition \u201eMein Geliebter mit der Nummer 632\u201c von Kurt Hopstein, die traditionelle Lieder aus dem Gulag mit freitonalen Variationen \u00fcber ein Thema des russischen Komponisten Wladislaw Solotarjew verbindet; sie wird am Schluss des Konzertes erklingen. Den Schwerpunkt des Programms bildet jedoch die Musik von Komponisten, die unter Stalin in Arbeitslagern inhaftiert waren.&nbsp;<\/p>\n<p>(<a href=\"http:\/\/www.kopelew-forum.de\/lew-kopelew-forum---veranstaltungsarchiv-2011.aspx\" target=\"_blank\">Link auf die Seite des Forums<\/a>)<\/p>\n<p><\/p>\n","protected":false},"excerpt":{"rendered":"<p>Die Komposition wurde am 16. Juni 2010 bei der Auftaktveranstaltung zum&nbsp;internationalen Symposium &#8222;Composers in the Gulag under Stalin&#8220; der &nbsp;uraufgef\u00fchrt. &nbsp;(hier ein Link auf den Pressetext der Universit\u00e4t) Aus dem Text zu einer Veranstaltung des Lew-Koppelew-Forums, K\u00f6ln: 20 Millionen Menschen waren in der Regierungszeit Stalins in den Straflagern der UdSSR inhaftiert. Zu den Opfern der [&hellip;]<\/p>\n","protected":false},"author":1,"featured_media":0,"parent":19,"menu_order":8,"comment_status":"closed","ping_status":"closed","template":"","meta":[],"_links":{"self":[{"href":"http:\/\/kurthopstein.de\/index.php?rest_route=\/wp\/v2\/pages\/25"}],"collection":[{"href":"http:\/\/kurthopstein.de\/index.php?rest_route=\/wp\/v2\/pages"}],"about":[{"href":"http:\/\/kurthopstein.de\/index.php?rest_route=\/wp\/v2\/types\/page"}],"author":[{"embeddable":true,"href":"http:\/\/kurthopstein.de\/index.php?rest_route=\/wp\/v2\/users\/1"}],"replies":[{"embeddable":true,"href":"http:\/\/kurthopstein.de\/index.php?rest_route=%2Fwp%2Fv2%2Fcomments&post=25"}],"version-history":[{"count":0,"href":"http:\/\/kurthopstein.de\/index.php?rest_route=\/wp\/v2\/pages\/25\/revisions"}],"up":[{"embeddable":true,"href":"http:\/\/kurthopstein.de\/index.php?rest_route=\/wp\/v2\/pages\/19"}],"wp:attachment":[{"href":"http:\/\/kurthopstein.de\/index.php?rest_route=%2Fwp%2Fv2%2Fmedia&parent=25"}],"curies":[{"name":"wp","href":"https:\/\/api.w.org\/{rel}","templated":true}]}}

„Mein Geliebter mit der Nummer 632“ Drei Lieder aus dem Gulag, verbunden mit Variationen über ein Thema von Wladislaw Solotarjow für Singstimme, Klarinette, Violine und Bajan (2010)

<p>Die Komposition wurde am 16. Juni 2010 bei der Auftaktveranstaltung zum&nbsp;internationalen Symposium &#8222;Composers in the Gulag under Stalin&#8220; der &nbsp;uraufgeführt. &nbsp;(<a href="https://www.uni-goettingen.de/de/3240.html?cid=3583" target="_blank">hier ein Link auf den Pressetext der Universität</a>)</p>
<p>Aus dem Text zu einer Veranstaltung des Lew-Koppelew-Forums, Köln:</p>
<p>20 Millionen Menschen waren in der Regierungszeit Stalins in den Straflagern der UdSSR inhaftiert. Zu den Opfern der stalinistischen Säuberungen gehörte ein großer Teil der geistigen Elite des Landes; darunter auch zahlreiche Komponisten.&nbsp;</p>
<p>Im Juni 2010 fand an der Universität Göttingen ein internationales Symposium mit dem Thema „Komponisten im Gulag unter Stalin“ statt, wesentlich initiiert von der jungen Musikerin und Musikwissenschaftlerin Inna Klause. In jahrelangen Recherchen, beharrlicher Archivarbeit und in Gesprächen mit Zeitzeugen hat sie an der Wiederentdeckung vieler verfolgter und vergessener Komponisten mitgewirkt.&nbsp;</p>
<p>Auf ihre Anregung hin entstand auch zur Eröffnung des Göttinger Kongresses die Komposition „Mein Geliebter mit der Nummer 632“ von Kurt Hopstein, die traditionelle Lieder aus dem Gulag mit freitonalen Variationen über ein Thema des russischen Komponisten Wladislaw Solotarjew verbindet; sie wird am Schluss des Konzertes erklingen. Den Schwerpunkt des Programms bildet jedoch die Musik von Komponisten, die unter Stalin in Arbeitslagern inhaftiert waren.&nbsp;</p>
<p>(<a href="http://www.kopelew-forum.de/lew-kopelew-forum---veranstaltungsarchiv-2011.aspx" target="_blank">Link auf die Seite des Forums</a>)</p>
<p></p>

<p>Die Komposition wurde am 16. Juni 2010 bei der Auftaktveranstaltung zum&nbsp;internationalen Symposium &#8222;Composers in the Gulag under Stalin&#8220; der &nbsp;uraufgeführt. &nbsp;(hier ein Link auf den Pressetext der Universität) Aus dem Text zu einer Veranstaltung des Lew-Koppelew-Forums, Köln: 20 Millionen Menschen waren in der Regierungszeit Stalins in den Straflagern der UdSSR inhaftiert. Zu den Opfern der [&hellip;]</p>
