{"id":31,"date":"2017-01-08T20:39:10","date_gmt":"2017-01-08T20:39:10","guid":{"rendered":"http:\/\/kurthopstein.de\/?page_id=31"},"modified":"2017-01-08T20:39:10","modified_gmt":"2017-01-08T20:39:10","slug":"uber-einen-unermudlichen-kulturforderer-von-dr-waltraut-barnowski-geiser","status":"publish","type":"page","link":"http:\/\/kurthopstein.de\/?page_id=31","title":{"rendered":"&#8222;\u00dcber einen unerm\u00fcdlichen Kulturf\u00f6rderer&#8220; von Dr. Waltraut Barnowski-Geiser"},"content":{"rendered":"<p><a href=\"http:\/\/www.kurthopstein.de\/images\/ueber_einen_unermuedlichen_kulturfoerderer.pdf\" target=\"_blank\">Der Text w\u00fcrdigt Leben und Engagement Kurt Hopsteins aus der Sicht einer ehemaligen Sch\u00fclerin. &gt;&gt;&gt; Link<\/a><\/p>\n<p><\/p>\n<p><\/p>\n","protected":false},"excerpt":{"rendered":"<p>Der Text w\u00fcrdigt Leben und Engagement Kurt Hopsteins aus der Sicht einer ehemaligen Sch\u00fclerin. &gt;&gt;&gt; Link<\/p>\n","protected":false},"author":1,"featured_media":0,"parent":28,"menu_order":14,"comment_status":"closed","ping_status":"closed","template":"","meta":[],"_links":{"self":[{"href":"http:\/\/kurthopstein.de\/index.php?rest_route=\/wp\/v2\/pages\/31"}],"collection":[{"href":"http:\/\/kurthopstein.de\/index.php?rest_route=\/wp\/v2\/pages"}],"about":[{"href":"http:\/\/kurthopstein.de\/index.php?rest_route=\/wp\/v2\/types\/page"}],"author":[{"embeddable":true,"href":"http:\/\/kurthopstein.de\/index.php?rest_route=\/wp\/v2\/users\/1"}],"replies":[{"embeddable":true,"href":"http:\/\/kurthopstein.de\/index.php?rest_route=%2Fwp%2Fv2%2Fcomments&post=31"}],"version-history":[{"count":0,"href":"http:\/\/kurthopstein.de\/index.php?rest_route=\/wp\/v2\/pages\/31\/revisions"}],"up":[{"embeddable":true,"href":"http:\/\/kurthopstein.de\/index.php?rest_route=\/wp\/v2\/pages\/28"}],"wp:attachment":[{"href":"http:\/\/kurthopstein.de\/index.php?rest_route=%2Fwp%2Fv2%2Fmedia&parent=31"}],"curies":[{"name":"wp","href":"https:\/\/api.w.org\/{rel}","templated":true}]}}